ber?
True
Is 235751 a prime number?
True
Is 31769 composite?
False
Is 693523 composite?
False
Is 95097 a prime number?
False
Is 1480459 a prime number?
True
Is 901 composite?
True
Is 30353 prime?
False
Is 77991 prime?
False
Is 257783 a composite number?
False
Is 5793 prime?
False
Is 11827 composite?
False
Is 59827 a composite number?
True
Is 329 a composite number?
True
Is 202817 a composite number?
False
Is 629635 prime?
False
Is 122063 prime?
False
Is 3907 prime?
True
Is 13649 prime?
True
Is 35291 a composite number?
False
Is 40871 composite?
True
Is 60037 a prime number?
True
Is 2599 prime?
False
Is 657523 a prime number?
True
Is 95369 a prime number?
True
Is 6499 a composite number?
True
Is 32811 a composite number?
True
Is 24749 composite?
False
Is 139021 composite?
False
Is 411409 prime?
True
Is 87613 a prime number?
True
Is 112369 prime?
False
Is 39361 composite?
True
Is 248363 a composite number?
True
Is 28781 a composite number?
True
Is 109027 a prime number?
False
Is 4441 a composite number?
False
Is 40301 composite?
True
Is 184286 composite?
True
Is 71249 composite?
False
Is 781535 a composite number?
True
Is 961195 composite?
True
Is 17623 composite?
False
Is 3019 a prime number?
True
Is 286589 composite?
False
Is 142007 composite?
False
Is 493 a prime number?
False
Is 1163 prime?
True
Is 13939 composite?
True
Is 470201 composite?
False
Is 440927 a prime number?
False
Is 57347 a prime number?
True
Is 16919 prime?
False
Is 36053 prime?
False
Is 256099 composite?
True
Is 26759 a composite number?
False
Is 38849 a composite number?
True
Is 19121 composite?
False
Is 10723 a prime number?
True
Is 6349 composite?
True
Is 1192549 a prime number?
True
Is 181651 a prime number?
False
Is 28115 a prime number?
False
Is 3319 composite?
False
Is 422969 a prime number?
True
Is 23609 prime?
True
Is 11801 prime?
True
Is 23917 composite?
False
Is 254249 composite?
False
Is 1823 a prime number?
True
Is 430633 prime?
False
Is 11073 a composite number?
True
Is 61091 composite?
False
Is 13811 composite?
True
Is 374161 a composite number?
True
Is 5219 composite?
True
Is 220067 prime?
False
Is 8579 a prime number?
False
Is 2058143 prime?
True
Is 94807 a composite number?
True
Is 419449 a composite number?
False
Is 8333 prime?
False
Is 90311 prime?
False
Is 141261 composite?
True
Is 277843 a prime number?
False
Is 6193 a composite number?
True
Is 2321 a composite number?
True
Is 2947 composite?
True
Is 280389 prime?
False
Is 27041 composite?
True
Is 985 prime?
False
Is 20701 composite?
True
Is 459073 composite?
True
Is 243889 a composite number?
False
Is 434951 prime?
False
Is 401707 composite?
False
Is 120667 prime?
False
Is 65687 composite?
False
Is 25867 composite?
False
Is 23099 prime?
True
Is 30023 a prime number?
False
Is 195387 a composite number?
True
Is 54301 composite?
True
Is 59435 a composite number?
True
Is 232759 composite?
True
Is 149 a composite number?
False
Is 14143 prime?
True
Is 15187 a prime number?
True
Is 24121 a composite number?
False
Is 1097 prime?
True
Is 1525783 a composite number?
True
Is 21053 a composite number?
True
Is 198327 a composite number?
True
Is 4717 a prime number?
False
Is 2710207 prime?
True
Is 511337 a composite number?
False
Is 30593 a composite number?
False
Is 106193 a composite number?
True
Is 35341 prime?
False
Is 12007 a prime number?
True
Is 10909 a composite number?
False
Is 3611 prime?
False
Is 106171 composite?
True
Is 23846 a composite number?
True
Is 23054 a composite number?
True
Is 58177 composite?
True
Is 18635 a prime number?
False
Is 582506 composite?
True
Is 96167 prime?
True
Is 443 composite?
False
Is 11771 prime?
False
Is 21211 composite?
False
Is 131213 a composite number?
False
Is 38539 a composite number?
True
Is 3568589 prime?
False
Is 20477 a composite number?
False
Is 396497 a prime number?
False
Is 37307 prime?
True
Is 20798 prime?
False
Is 55231 composite?
True
Is 289519 prime?
False
Is 162757 prime?
False
Is 32881 a composite number?
True
Is 1151 prime?
True
Is 117157 a prime number?
False
Is 5331 prime?
False
Is 21179 prime?
True
Is 378869 a prime number?
True
Is 22247 a composite number?
False
Is 5323 a composite number?
False
Is 553853 composite?
True
Is 362309 a composite number?
False
Is 51307 a composite number?
False
Is 6905 a composite number?
True
Is 2609 a composite number?
False
Is 189011 a prime number?
True
Is 1979277 a prime number?
False
Is 205207 a prime number?
False
Is 411287 a prime number?
True
Is 24943 a composite number?
False
Is 599117 a composite number?
False
Is 207923 composite?
False
Is 3493 a composite number?
True
Is 102379 prime?
False
Is 23367 a prime number?
False
Is 18479 prime?
False
Is 254 a composite number?
True
Is 1259 composite?
False
Is 346793 a prime number?
True
Is 41483 composite?
True
Is 38389 a prime number?
False
Is 12443 a composite number?
True
Is 4367647 a composite number?
False
Is 36599 prime?
True
Is 128629 a composite number?
False
Is 2752937 a prime number?
False
Is 153247 a prime number?
True
Is 12277 composite?
False
Is 193321 prime?
False
Is 125639 a prime number?
True
Is 134099 a composite number?
True
Is 331257 composite?
True
Is 2975443 a prime number?
True
Is 3715 a composite number?
True
Is 1189531 prime?
False
Is 61001 a composite number?
False
Is 226211 a composite number?
True
Is 2039 a prime number?
True
Is 516397 composite?
True
Is 257 a prime number?
True
Is 221 a prime number?
False
Is 213 a prime number?
False
Is 131861 a composite number?
False
Is 1513 prime?
False
Is 24197 composite?
False
Is 826387 composite?
True
Is 7433 prime?
True
Is 31061 a prime number?
False
Is 18269 prime?
True
Is 190261 a prime number?
True
Is 10831 prime?
True
Is 269531 composite?
True
Is 243935 prime?
False
Is 7233 prime?
False
Is 11793 composite?
True
Is 45743 a composite number?
True
Is 271085 a composite number?
True
Is 152363 a composite number?
False
Is 17377 prime?
True
Is 2927 a prime number?
True
Is 238351 a prime number?
False
Is 109297 composite?
False
Is 11399 prime?
True
Is 7781 composite?
True
Is 326839 a composite number?
True
Is 127 prime?
True
Is 254083 composite?
False
Is 449 a prime number?
True
Is 92257 composite?
True
Is 57359 composite?
True
Is 1217267 a composite number?
True
Is 1511 prime?
True
Is 134471 prime?
True
Is 594969 a prime number?
False
Is 46091 a prime number?
True
Is 402323 a prime number?
False
Is 18053 a composite number?
True
Is 257339 prime?
True
Is 48747 a prime number?
False
Is 121043 prime?
False
Is 256915 a composite number?
True
Is 70691 a prime number?
False
Is 5981 prime?
True
Is 32993 a composite number?
False
Is 88159 prime?
False
Is 19013 composite?
False
Is 3261 a composite number?
True
Is 2921 composite?
True
Is 11073 composite?
True
Is 18349 a prime number?
False
Is 6449 composite?
False
Is 30374 prime?
False
Is 15623 composite?
True
Is 14461 prime?
True
Is 54401 a prime number?
True
Is 12373 a prime number?
True
Is 269959 composite?
True
Is 24655 composite?
True
Is 3571 composite?
False
Is 189907 composite?
True
Is 48593 a prime number?
True
Is 432713 a composite number?
False
Is 46907 a prime number?
False
Is 15569 a prime number?
True
Is 23459 composite?
False
Is 953 a composite number?
False
Is 14639 prime?
True
Is 20563 prime?
True
Is 76207 a composite number?
False
Is 830741 a composite number?
False
Is 29567 a prime number?
True
Is 112327 composite?
False
Is 479 a prime number?
True
Is 692603 a composite number?
True
Is 21779 a prime number?
False
Is 21817 composite?
False
Is 177005 prime?
False
Is 211 prime?
True
Is 47869 composite?
False
Is 102803 composite?
True
Is 625129 prime?
True
Is 40351 a prime number?
True
Is 185951 a prime number?
True
Is 15783 a composite number?
True
Is 65501 a prime number?
False
Is 25663 composite?
True
Is 42257 prime?
True
Is 102373 composite?
True
Is 48109 a prime number?
True
Is 237733 a composite number?
False
Is 66163 a composite number?
True
Is 32309 a prime number?
True
Is 303409 composite?
False
Is 587 composite?
False
Is 109867 composite?
True
Is 1231357 composite?
False
Is 2105183 composite?
False
Is 150193 prime?
True
Is 851 composite?
True
Is 6349 a composite number?
True
Is 658655 a prime number?
False
Is 8147 a prime number?
T